?
True
Is 48 a factor of 270397?
False
Does 108 divide 172051?
False
Is 1346978 a multiple of 229?
True
Is 594602 a multiple of 92?
False
Is 196370 a multiple of 147?
False
Is 18 a factor of 8147788?
False
Does 427 divide 545789?
False
Is 271 a factor of 94908?
False
Is 818034 a multiple of 42?
True
Is 153164 a multiple of 59?
True
Is 105105 a multiple of 11?
True
Does 54 divide 3425478?
False
Is 662245 a multiple of 75?
False
Is 67 a factor of 52461?
True
Does 9 divide 204787?
False
Is 10811988 a multiple of 423?
False
Does 16 divide 261456?
True
Is 4 a factor of 136588?
True
Is 14 a factor of 597958?
False
Does 62 divide 4814?
False
Is 29 a factor of 336110?
True
Is 9865210 a multiple of 694?
True
Does 964 divide 445107?
False
Does 23 divide 25691?
True
Is 1090352 a multiple of 201?
False
Does 1187 divide 984117?
False
Does 12 divide 77624?
False
Is 145 a factor of 304490?
False
Does 106 divide 3479874?
True
Is 36 a factor of 436938?
False
Does 6 divide 1757635?
False
Is 26 a factor of 125450?
True
Is 613223 a multiple of 107?
False
Is 91773 a multiple of 33?
True
Does 60 divide 536100?
True
Does 15 divide 85890?
True
Does 23 divide 186172?
False
Is 222 a factor of 145854?
True
Is 6534019 a multiple of 9?
False
Is 30 a factor of 79560?
True
Is 13034290 a multiple of 12?
False
Does 70 divide 2320850?
True
Is 385236 a multiple of 82?
True
Is 23591987 a multiple of 353?
False
Does 109 divide 875161?
True
Is 2851036 a multiple of 68?
True
Is 176 a factor of 381610?
False
Is 117725 a multiple of 25?
True
Does 84 divide 13225968?
True
Is 19 a factor of 12541?
False
Does 11 divide 137874?
True
Is 1019 a factor of 6954675?
True
Is 11000882 a multiple of 71?
True
Is 726584 a multiple of 400?
False
Is 15 a factor of 3595830?
True
Is 4 a factor of 698120?
True
Is 759330 a multiple of 330?
True
Is 694302 a multiple of 542?
True
Does 34 divide 1038224?
True
Is 4 a factor of 6161288?
True
Is 557 a factor of 303326?
False
Does 50 divide 110950?
True
Is 98 a factor of 6476624?
True
Does 20 divide 87793?
False
Is 2242465 a multiple of 53?
False
Is 30063 a multiple of 33?
True
Does 8 divide 135447?
False
Is 52 a factor of 77480?
True
Is 601137 a multiple of 375?
False
Is 127 a factor of 12065?
True
Is 24 a factor of 669711?
False
Does 239 divide 371406?
True
Does 50 divide 6939400?
True
Is 2209425 a multiple of 30?
False
Is 279 a factor of 152055?
True
Is 866185 a multiple of 178?
False
Is 665855 a multiple of 4?
False
Does 119 divide 74494?
True
Does 246 divide 130368?
False
Does 71 divide 1928264?
False
Is 1445862 a multiple of 4?
False
Is 1663 a factor of 3480659?
True
Is 4742952 a multiple of 12?
True
Does 115 divide 35190?
True
Is 149377 a multiple of 68?
False
Is 405 a factor of 1769040?
True
Is 6914512 a multiple of 187?
True
Is 29445 a multiple of 39?
True
Is 232 a factor of 42224?
True
Is 164 a factor of 724264?
False
Is 57 a factor of 284430?
True
Does 20 divide 792940?
True
Is 212730 a multiple of 70?
True
Does 260 divide 105300?
True
Does 14 divide 6948368?
True
Is 9904479 a multiple of 66?
False
Is 927 a factor of 8458121?
False
Does 9 divide 170451?
True
Is 997836 a multiple of 588?
True
Is 130 a factor of 790530?
True
Is 2366360 a multiple of 219?
False
Does 5 divide 657025?
True
Does 39 divide 120354?
True
Is 3502320 a multiple of 80?
True
Is 28 a factor of 107352?
True
Is 2217 a multiple of 132?
False
Is 649059 a multiple of 30?
False
Does 83 divide 2813588?
False
Does 3 divide 5677?
False
Is 23 a factor of 108675?
True
Is 214053 a multiple of 117?
False
Is 2 a factor of 111755?
False
Is 324 a multiple of 146?
False
Is 105 a factor of 2876072?
False
Is 1228924 a multiple of 79?
True
Does 7 divide 2690301?
False
Does 259 divide 228689?
False
Is 12963099 a multiple of 1049?
False
Is 770 a factor of 619080?
True
Is 25 a factor of 1750375?
True
Is 10836493 a multiple of 2098?
False
Is 712368 a multiple of 51?
True
Is 25865348 a multiple of 978?
False
Is 16 a factor of 2254528?
True
Does 7 divide 957559?
False
Does 15 divide 483964?
False
Is 1045561 a multiple of 11?
True
Does 65 divide 76440?
True
Is 115429 a multiple of 13?
False
Is 655210 a multiple of 56?
False
Is 6191492 a multiple of 33?
False
Is 21 a factor of 1274155?
False
Is 93888 a multiple of 83?
False
Does 29 divide 19919?
False
Is 203009 a multiple of 15?
False
Is 10 a factor of 1620958?
False
Is 21 a factor of 701059?
False
Does 145 divide 12749125?
True
Is 20 a factor of 381689?
False
Is 352 a factor of 7330752?
True
Is 4344 a multiple of 26?
False
Is 70650 a multiple of 18?
True
Is 3 a factor of 63510?
True
Is 2579616 a multiple of 32?
True
Is 203 a factor of 106778?
True
Is 647 a factor of 26557409?
True
Is 2645328 a multiple of 56?
True
Is 162951 a multiple of 10?
False
Does 1420 divide 3791400?
True
Is 4564320 a multiple of 514?
True
Is 1978417 a multiple of 959?
True
Is 175 a factor of 308700?
True
Is 410350 a multiple of 179?
False
Does 14 divide 230809?
False
Does 63 divide 15115968?
True
Is 135830 a multiple of 465?
False
Is 76 a factor of 4626120?
True
Is 214 a factor of 1303688?
True
Does 526 divide 1676395?
False
Does 4 divide 857098?
False
Is 7514 a multiple of 4?
False
Is 14403180 a multiple of 1529?
True
Is 107874 a multiple of 117?
True
Is 518 a factor of 21929?
False
Is 14273973 a multiple of 19?
False
Is 131430 a multiple of 224?
False
Does 19 divide 947473?
True
Does 37 divide 1421284?
False
Is 218029 a multiple of 13?
False
Is 638 a factor of 2123902?
True
Is 240 a factor of 794640?
True
Is 42554281 a multiple of 3553?
True
Does 69 divide 9246?
True
Does 16 divide 10451696?
True
Is 9993002 a multiple of 16?
False
Is 6 a factor of 136290?
True
Is 60599 a multiple of 77?
True
Is 17329094 a multiple of 387?
False
Is 114 a factor of 192432?
True
Is 348155 a multiple of 389?
True
Does 9 divide 13925?
False
Does 380 divide 2453660?
True
Is 3773750 a multiple of 131?
False
Is 949 a factor of 2021370?
True
Does 55 divide 266038?
False
Is 337238 a multiple of 22?
True
Does 9 divide 68772?
False
Does 14 divide 434714?
True
Is 5 a factor of 5948?
False
Does 9 divide 7368750?
True
Is 8625071 a multiple of 91?
True
Is 202 a factor of 1486769?
False
Is 90 a factor of 4099219?
False
Is 201 a factor of 110664?
False
Is 5 a factor of 2398275?
True
Is 120 a factor of 1749819?
False
Is 12 a factor of 607187?
False
Does 70 divide 17080?
True
Is 15 a factor of 113049?
False
Does 439 divide 206369?
False
Is 80100 a multiple of 150?
True
Does 52 divide 34802768?
True
Is 22 a factor of 260458?
True
Is 17 a factor of 33436212?
True
Is 248327 a multiple of 25?
False
Does 5 divide 479292?
False
Is 29 a factor of 4689455?
False
Does 6 divide 6924820?
False
Does 21 divide 55658?
False
Is 12 a factor of 59060?
False
Is 63745 a multiple of 39?
False
Is 39317 a multiple of 17?
False
Is 1719356 a multiple of 79?
True
Is 28 a factor of 283640?
True
Is 99426 a multiple of 21?
False
Is 163 a factor of 1863090?
True
Does 177 divide 92254?
False
Is 13 a factor of 12299676?
False
Does 600 divide 82800?
True
Is 16 a factor of 20339367?
False
Is 3630580 a multiple of 60?
False
Is 474 a factor of 315210?
True
Is 12760 a multiple of 232?
True
Is 3486550 a multiple of 9?
False
Is 7824140 a multiple of 233?
True
Is 2231034 a multiple of 39?
True
Does 11 divide 16719275?
False
Is 56028 a multiple of 13?
False
Is 33 a factor of 137766?
False
Is 2121314 a multiple of 13?
True
Is 37 a factor of 243778?
False
Does 14 divide 21238?
True
Does 1659 divide 5260689?
True
Is 18 a factor of 397962?
True
Does 9 divide 47509?
False
Is 2101785 a multiple of 25?
False
Is 113 a factor of 6804697?
False
Does 27 divide 361916?
False
Does 13 divide 40612?
True
Does 118 divide 230949?
False
Does 8 divide 23127?
False
Is 367217 a multiple of 18?
False
Is 58 a factor of 2784?
True
Is 24 a factor of 21341?
False
Is 281436 a multiple of 94?
True
Does 11 divide 444058?
False
Is 3866850 a multiple of 116?
False
Is 6170 a multiple of 2?
True
Is 1747090 a multiple of 86?
True
Does 10 divide 19253?
False
Is 23 a factor of 176410?
True
Is 333 a factor of 4797998?
False
Is 332636 a multiple of 39?
False
Is 359499 a multiple of 17?
True
Is 394 a factor of 979637?
False
Is 28080 a multiple of 60?
True
Is 11 a factor of 87670?
True
Does